eatest common divisor of 12766055 and 43?
43
Calculate the highest common factor of 278915 and 22681.
613
Calculate the highest common divisor of 4671 and 9156198.
519
Calculate the highest common divisor of 227553 and 877791.
303
What is the highest common divisor of 258587035 and 35?
35
What is the greatest common factor of 498 and 119460?
6
What is the greatest common divisor of 857606 and 6583?
227
Calculate the greatest common factor of 75278750 and 1250.
1250
What is the greatest common factor of 1659909 and 38553?
213
Calculate the highest common factor of 4560 and 14112.
48
What is the highest common divisor of 42 and 15673791?
21
Calculate the highest common divisor of 1366512 and 1151376.
3984
Calculate the greatest common divisor of 15 and 12855705.
15
Calculate the greatest common divisor of 392 and 202719664.
392
What is the highest common factor of 2672 and 1786399?
167
Calculate the greatest common divisor of 88420309 and 626.
313
What is the highest common factor of 20 and 1038437980?
20
Calculate the highest common factor of 803 and 370193439.
803
What is the highest common divisor of 207417 and 432327?
2499
What is the highest common factor of 17836 and 567672?
28
Calculate the greatest common divisor of 891396 and 594.
198
What is the highest common divisor of 8540 and 11816920?
1220
What is the greatest common divisor of 14978084 and 25576?
556
Calculate the highest common divisor of 302950 and 25539050.
3650
What is the highest common factor of 290387714 and 188?
94
What is the highest common divisor of 3160 and 218340?
20
Calculate the greatest common factor of 3231 and 599530.
359
What is the greatest common factor of 14017 and 225189?
131
What is the highest common divisor of 962 and 8954?
74
Calculate the highest common factor of 2236878 and 28578.
2598
What is the highest common divisor of 6610800 and 26600?
1400
Calculate the highest common factor of 376 and 50972.
4
Calculate the greatest common factor of 16566147 and 1090.
109
Calculate the greatest common factor of 2736 and 15233535.
171
What is the highest common factor of 236937 and 474?
3
What is the greatest common divisor of 6898045 and 48944?
3059
Calculate the highest common divisor of 370717655 and 110.
55
What is the greatest common divisor of 40727383 and 457?
457
What is the greatest common divisor of 432030069 and 1?
1
Calculate the highest common divisor of 250 and 25757450.
50
What is the greatest common factor of 7189 and 1132768?
91
Calculate the greatest common divisor of 3729458 and 464.
58
What is the highest common divisor of 581 and 285509?
7
What is the greatest common factor of 151143741 and 252?
63
Calculate the greatest common factor of 2689981612 and 1916.
1916
Calculate the greatest common factor of 682561 and 605.
121
What is the greatest common divisor of 3408 and 50822652?
852
Calculate the highest common factor of 1806071 and 411.
137
What is the greatest common factor of 348656 and 234157?
77
Calculate the greatest common divisor of 35399 and 459641.
91
What is the greatest common factor of 10 and 487599410?
10
What is the highest common divisor of 280 and 180935?
5
What is the greatest common factor of 43 and 183464531?
43
Calculate the highest common divisor of 10 and 913577720.
10
What is the highest common factor of 44068 and 2059700?
1916
Calculate the greatest common divisor of 12 and 46596612.
12
Calculate the highest common divisor of 37380 and 42521619.
1869
Calculate the highest common divisor of 945 and 104574240.
135
Calculate the greatest common factor of 121994 and 110199.
337
Calculate the highest common factor of 18 and 42162534.
18
Calculate the highest common factor of 68 and 2055606.
34
Calculate the highest common divisor of 53475 and 18923733.
2139
What is the greatest common divisor of 3328911 and 1685097?
3753
Calculate the greatest common divisor of 753110 and 3786305.
2965
What is the highest common factor of 163 and 39451542?
163
Calculate the highest common divisor of 7623460 and 617812.
5668
What is the greatest common divisor of 40 and 62195010?
10
Calculate the greatest common divisor of 99 and 268767477.
99
Calculate the greatest common factor of 27615151 and 57.
19
Calculate the greatest common factor of 168 and 180573.
3
Calculate the greatest common factor of 38 and 3058582.
38
Calculate the highest common factor of 93 and 51974166.
93
What is the highest common divisor of 95 and 760485?
5
What is the greatest common divisor of 4505 and 6934997?
901
Calculate the highest common divisor of 2 and 15342140.
2
Calculate the greatest common divisor of 1702288725 and 5.
5
What is the greatest common divisor of 6900 and 86916?
12
Calculate the greatest common factor of 4555148 and 780.
52
What is the greatest common divisor of 763506 and 1008?
18
Calculate the greatest common factor of 1363136 and 266.
38
Calculate the highest common divisor of 27890006 and 1202.
1202
What is the greatest common divisor of 5403114 and 1656?
414
What is the greatest common factor of 3472 and 1968?
16
Calculate the highest common factor of 282733187 and 11.
11
Calculate the highest common divisor of 875423 and 29.
29
What is the greatest common factor of 20660903 and 97?
97
What is the highest common divisor of 1490 and 599583450?
1490
Calculate the highest common factor of 70 and 2460668.
14
Calculate the greatest common factor of 7880510 and 2008490.
3410
What is the highest common factor of 1885 and 1374685?
65
Calculate the greatest common divisor of 405 and 3269925.
45
Calculate the greatest common divisor of 39451935 and 75.
15
What is the highest common divisor of 11 and 170571654?
11
What is the highest common divisor of 72 and 5310136?
8
Calculate the greatest common factor of 6027320 and 2613.
871
Calculate the highest common divisor of 82662896 and 136885.
3911
What is the greatest common divisor of 11616 and 517154?
242
What is the highest common factor of 2704 and 47241584?
2704
What is the greatest common factor of 31536730 and 2555?
365
What is the greatest common divisor of 1208935 and 4095?
455
What is the greatest common divisor of 7565782 and 34?
34
Calculate the highest common divisor of 80324290 and 1187.
1187
What is the highest common divisor of 994 and 7331602?
142
Calculate the highest common factor of 279846392 and 24235.
4847
What is the highest common divisor of 587 and 2394373?
587
What is the greatest common factor of 6679878 and 51?
51
What is the highest common divisor of 12399795 and 136320?
1065
What is the highest common divisor of 110040 and 104349?
21
What is the highest common factor of 80101 and 19441657?
11443
Calculate the greatest common divisor of 9360565 and 100.
5
Calculate the highest common factor of 2790 and 12637026.
558
What is the highest common divisor of 16757 and 6682?
13
What is the highest common factor of 6365893075 and 215?
215
What is the greatest common factor of 23415 and 927570?
105
What is the highest common factor of 5 and 100343368?
1
What is the greatest common factor of 7451568 and 940?
188
What is the highest common factor of 29 and 193344421?
29
Calculate the highest common factor of 36 and 211367106.
18
Calculate the highest common divisor of 7023264 and 25032.
3576
What is the highest common factor of 6241728 and 70800?
2832
Calculate the highest common divisor of 2970 and 812790.
990
What is the highest common factor of 1654031524 and 3202?
3202
What is the greatest common factor of 4225 and 238121?
169
Calculate the greatest common divisor of 17642689 and 37448.
4681
Calculate the greatest common factor of 793 and 3629444.
13
What is the greatest common factor of 36921 and 2697?
93
What is the highest common factor of 4208 and 1606896?
16
Calculate the highest common divisor of 120971676 and 2268.
84
Calculate the greatest common factor of 21100992 and 61886.
2134
Calculate the greatest common factor of 5001085 and 3975370.
5795
Calculate the highest common factor of 2665674 and 1089.
99
Calculate the highest common factor of 14647761 and 306.
153
Calculate the greatest common factor of 47882600 and 760.
40
What is the greatest common divisor of 28898070 and 9580?
4790
What is the highest common divisor of 1099707 and 1617?
147
What is the greatest